{"id":25,"date":"2017-03-29T12:04:53","date_gmt":"2017-03-29T12:04:53","guid":{"rendered":"http:\/\/kaa0s.esy.es\/?page_id=25"},"modified":"2017-03-29T20:56:20","modified_gmt":"2017-03-29T20:56:20","slug":"obiective","status":"publish","type":"page","link":"https:\/\/nanostructuri-fluide.ro\/eco-nano-eco\/obiective\/","title":{"rendered":"Obiective"},"content":{"rendered":"<h3>OBIECTIV GENERAL<\/h3>\n<h5>&#8211; cre\u0219terea transferului de cun\u0219tin\u021be \u0219i tehnologie \u00een domeniul ECO-NANO-TEHNOLOGIILOR PENTRU DEPOLUARE \u0218I VALORIFICAREA DE\u0218EURILOR, \u00eentre Centrul de Cercet\u0103ri pentru Protec\u021bia Mediului \u0219i Tehnologii Ecologice din Universitatea POLITEHNICA din Bucure\u0219ti (UPB-CPMTE) \u0219i \u00eentreprinderi din mediul privat, care va contribui la dezvoltarea economic\u0103 a acestora precum \u0219i la protec\u021bia, conservarea \u0219i \u00eembun\u0103t\u0103\u021birea mediului.<\/h5>\n<h3>OBIECTIVE SPECIFICE<\/h3>\n<h5>&#8211; dezvoltarea unei structuri de transfer de cun\u0219tin\u021be, \u00een cadrul UPB-CPMTE &#8211; ca pol de stimulare a cre\u0219terii competitivit\u0103\u021bii economiei romane\u0219ti prin contribu\u021bia la dezvoltarea capacit\u0103\u021bii mediului industrial din domeniul energie-mediu de a absorbi tehnologie de ultim\u0103 genera\u021bie, de a adapta tehnologiile pentru depoluare \u0219i valorificare a de\u0219eurilor la nevoile concrete \u0219i de a dezvolta tehnologii \u0219i\/sau servicii care s\u0103 le permit\u0103 progresul pe lan\u021burile de valoare ad\u0103ugat\u0103;<\/h5>\n<h5>&#8211; Crearea unui cadru stimulativ pentru ini\u021biativa mediului privat de a solicita \u0219i adopta rezultatele cercet\u0103rii \u0219i de a r\u0103spunde unor teme de interes legate de PREVENIREA POLU\u0102RII, DEPOLUARE \u0218i VALORIFICAREA DE\u0218EURILOR prin constituirea unui grup de speciali\u0219ti \u00een acest domeniu din mediul academic \u0219i prin \u00eencurajarea parteneriatelor de tip academie-industrie;<\/h5>\n<h5>&#8211; Sus\u021binerea specializ\u0103rii inteligente prin realizarea unui program de transfer de cuno\u0219tinte, <em>know-how<\/em>, precum \u0219i de formarea \u0219i dezvoltarea unor aptitudini complementare \u0219i de excelen\u021b\u0103 \u00een activitatea CDI, \u00een domeniul protec\u021biei \u0219i \u00eembun\u0103t\u0103\u021birii calit\u0103\u021bii apei potabile, prevenirii \u0219i reducerii polu\u0103rii apelor \u0219i valorific\u0103rii de\u0219eurilor.<\/h5>\n","protected":false},"excerpt":{"rendered":"<p>OBIECTIV GENERAL &#8211; cre\u0219terea transferului de cun\u0219tin\u021be \u0219i tehnologie \u00een domeniul ECO-NANO-TEHNOLOGIILOR PENTRU DEPOLUARE \u0218I VALORIFICAREA DE\u0218EURILOR, \u00eentre Centrul de Cercet\u0103ri pentru Protec\u021bia Mediului \u0219i Tehnologii Ecologice din Universitatea POLITEHNICA din Bucure\u0219ti (UPB-CPMTE) \u0219i \u00eentreprinderi din mediul privat, care va contribui la dezvoltarea economic\u0103 a acestora precum \u0219i la protec\u021bia, conservarea \u0219i \u00eembun\u0103t\u0103\u021birea mediului. OBIECTIVE SPECIFICE &#8211; dezvoltarea unei structuri [&hellip;]<\/p>\n","protected":false},"author":1,"featured_media":0,"parent":0,"menu_order":0,"comment_status":"closed","ping_status":"closed","template":"","meta":{"inline_featured_image":false,"footnotes":""},"class_list":["post-25","page","type-page","status-publish","hentry"],"_links":{"self":[{"href":"https:\/\/nanostructuri-fluide.ro\/eco-nano-eco\/wp-json\/wp\/v2\/pages\/25","targetHints":{"allow":["GET"]}}],"collection":[{"href":"https:\/\/nanostructuri-fluide.ro\/eco-nano-eco\/wp-json\/wp\/v2\/pages"}],"about":[{"href":"https:\/\/nanostructuri-fluide.ro\/eco-nano-eco\/wp-json\/wp\/v2\/types\/page"}],"author":[{"embeddable":true,"href":"https:\/\/nanostructuri-fluide.ro\/eco-nano-eco\/wp-json\/wp\/v2\/users\/1"}],"replies":[{"embeddable":true,"href":"https:\/\/nanostructuri-fluide.ro\/eco-nano-eco\/wp-json\/wp\/v2\/comments?post=25"}],"version-history":[{"count":4,"href":"https:\/\/nanostructuri-fluide.ro\/eco-nano-eco\/wp-json\/wp\/v2\/pages\/25\/revisions"}],"predecessor-version":[{"id":102,"href":"https:\/\/nanostructuri-fluide.ro\/eco-nano-eco\/wp-json\/wp\/v2\/pages\/25\/revisions\/102"}],"wp:attachment":[{"href":"https:\/\/nanostructuri-fluide.ro\/eco-nano-eco\/wp-json\/wp\/v2\/media?parent=25"}],"curies":[{"name":"wp","href":"https:\/\/api.w.org\/{rel}","templated":true}]}}